en millions digit of 2516309055?
1
What is the thousands digit of 93935517?
5
What is the thousands digit of 458746515?
6
What is the tens digit of 954241885?
8
What is the hundred thousands digit of 2806066274?
0
What is the billions digit of 2631187651?
2
What is the units digit of 51686201?
1
What is the tens digit of 1873702484?
8
What is the units digit of 6935124537?
7
What is the hundred millions digit of 538132380?
5
What is the hundred millions digit of 109422070?
1
What is the thousands digit of 61518277?
8
What is the thousands digit of 1458740207?
0
What is the ten millions digit of 112297729?
1
What is the ten millions digit of 2199274631?
9
What is the thousands digit of 274773377?
3
What is the millions digit of 1062483361?
2
What is the units digit of 4340684670?
0
What is the ten millions digit of 155888517?
5
What is the hundreds digit of 813334175?
1
What is the hundred thousands digit of 44649691?
6
What is the hundreds digit of 2853802389?
3
What is the millions digit of 2156577592?
6
What is the tens digit of 34678414?
1
What is the hundreds digit of 318256589?
5
What is the hundreds digit of 3377720137?
1
What is the tens digit of 1444574447?
4
What is the millions digit of 562526945?
2
What is the ten thousands digit of 4370344664?
4
What is the hundred millions digit of 6396063699?
3
What is the ten thousands digit of 76479384?
7
What is the hundreds digit of 5218504?
5
What is the units digit of 6711869552?
2
What is the tens digit of 708519612?
1
What is the millions digit of 201500395?
1
What is the ten thousands digit of 1409693005?
9
What is the units digit of 824034342?
2
What is the hundred thousands digit of 585964018?
9
What is the millions digit of 683514272?
3
What is the millions digit of 148069915?
8
What is the units digit of 54210060?
0
What is the ten thousands digit of 487464506?
6
What is the units digit of 1900207873?
3
What is the tens digit of 1514576358?
5
What is the units digit of 12934633?
3
What is the tens digit of 228807607?
0
What is the units digit of 1811843986?
6
What is the ten thousands digit of 1285367351?
6
What is the hundred millions digit of 701486151?
7
What is the ten millions digit of 142112003?
4
What is the units digit of 503185307?
7
What is the ten millions digit of 1432776811?
3
What is the hundreds digit of 135915560?
5
What is the billions digit of 1992110087?
1
What is the hundred thousands digit of 985509160?
5
What is the ten millions digit of 1258567705?
5
What is the hundred millions digit of 312257028?
3
What is the ten thousands digit of 322514970?
1
What is the thousands digit of 854763433?
3
What is the hundred millions digit of 8010084384?
0
What is the tens digit of 4803804766?
6
What is the millions digit of 148379122?
8
What is the tens digit of 47371389?
8
What is the units digit of 31934618?
8
What is the hundreds digit of 85589864?
8
What is the ten millions digit of 27156922?
2
What is the hundred thousands digit of 53748471?
7
What is the ten millions digit of 1192114864?
9
What is the ten millions digit of 2718122839?
1
What is the hundred millions digit of 8715916069?
7
What is the hundred thousands digit of 79835645?
8
What is the tens digit of 827447463?
6
What is the millions digit of 273649492?
3
What is the units digit of 1365151990?
0
What is the ten millions digit of 214664969?
1
What is the ten millions digit of 31773020?
3
What is the hundred millions digit of 4936921246?
9
What is the hundred millions digit of 241019531?
2
What is the ten millions digit of 2280785561?
8
What is the billions digit of 1065590966?
1
What is the units digit of 1977199617?
7
What is the tens digit of 18278636?
3
What is the thousands digit of 49146980?
6
What is the hundred thousands digit of 20001757?
0
What is the millions digit of 214134802?
4
What is the millions digit of 84734559?
4
What is the ten millions digit of 293184888?
9
What is the hundred millions digit of 1635233578?
6
What is the units digit of 848420391?
1
What is the ten thousands digit of 34836243?
3
What is the hundred thousands digit of 76779021?
7
What is the hundred thousands digit of 17322280?
3
What is the ten thousands digit of 438793156?
9
What is the thousands digit of 45085795?
5
What is the tens digit of 65537062?
6
What is the units digit of 1850908009?
9
What is the thousands digit of 932829832?
9
What is the hundred thousands digit of 754358092?
3
What is the ten millions digit of 866281677?
6
What is the hundred millions digit of 117554815?
1
What is the tens digit of 716198263?
6
What is the hundred thousands digit of 58855269?
8
What is the ten thousands digit of 1019717367?
1
What is the tens digit of 2659941722?
2
What is the thousands digit of 610386016?
6
What is the thousands digit of 220218397?
8
What is the tens digit of 478311286?
8
What is the ten thousands digit of 27652707?
5
What is the hundreds digit of 62710016?
0
What is the billions digit of 3592918910?
3
What is the units digit of 367810158?
8
What is the millions digit of 111709701?
1
What is the hundreds digit of 1666361776?
7
What is the ten thousands digit of 257567?
5
What is the tens digit of 272912446?
4
What is the units digit of 1323223856?
6
What is the hundreds digit of 725139929?
9
What is the hundreds digit of 64810467?
4
What is the millions digit of 668916801?
8
What is the hundreds digit of 1606698524?
5
What is the units digit of 417501504?
4
What is the units digit of 7135700699?
9
What is the thousands digit of 2833718054?
8
What is the thousands digit of 327335232?
5
What is the hundreds digit of 739385291?
2
What is the millions digit of 41377768?
1
What is the thousands digit of 64739165?
9
What is the tens digit of 1800766469?
6
What is the ten thousands digit of 232999921?
9
What is the hundred thousands digit of 14549032?
5
What is the hundreds digit of 27806893?
8
What is the units digit of 75719024?
4
What is the billions digit of 7589959736?
7
What is the millions digit of 19784336?
9
What is the billions digit of 4948915444?
4
What is the millions digit of 1004867766?
4
What is the units digit of 369563081?
1
What is the thousands digit of 110933087?
3
What is the tens digit of 55595591?
9
What is the ten thousands digit of 1815484135?
8
What is the hundred thousands digit of 97036032?
0
What is the hundred thousands digit of 254239871?
2
What is the hundred millions digit of 785369765?
7
What is the ten thousands digit of 152946064?
4
What is the thousands digit of 79872592?
2
What is the ten thousands digit of 2672117598?
1
What is the millions digit of 18300002?
8
What is the hundred thousands digit of 45963297?
9
What is the units digit of 1082979705?
5
What is the millions digit of 7540320348?
0
What is the ten thousands digit of 880414293?
1
What is the hundred thousands digit of 124165665?
1
What is the thousands digit of 30087840?
7
What is the millions digit of 11497808?
1
What is the tens digit of 38647647?
4
What is the units digit of 32143173?
3
What is the ten thousands digit of 196246811?
4
What is the units digit of 11467505?
5
What is the hundred millions digit of 792970613?
7
What is the hundred millions digit of 358555318?
3
What is the hundreds digit of 41934858?
8
What is the millions digit of 84704390?
4
What is the units digit of 147451553?
3
What is the hundred millions digit of 286061830?
2
What is the hundreds digit of 528284159?
1
What is the millions digit of 3469102?
3
What is the millions digit of 1184930465?
4
What is the hundreds digit of 176675285?
2
What is the hundred millions digit of 1044240381?
0
What is the units digit of 260273354?
4
What is the tens digit of 400732742?
4
What is the tens digit of 79137766?
6
What is the hundred thousands digit of 21916057?
9
What is the thousands digit of 12966392?
6
What is the millions digit of 20938148?
0
What is the tens digit of 312685144?
4
What is the thousands digit of 118319652?
9
What is the hundred millions digit of 848081251?
8
What is the thousands digit of 3743826481?
6
What is the ten millions digit of 337756465?
3
What is the tens digit of 95565332?
3
What is the thousands digit of 125649346?
9
What is the tens digit of 27946545?
4
What is the thousands digit of 59797742?
7
What is the te